11111100101011 + 10001110011?
-100011101010111000
In base 13, what is 1a9 - 2580?
-23a4
In base 7, what is 5 - 14132551?
-14132543
In base 13, what is -1 - -574c221?
574c220
In base 3, what is -2 - -101211122100120?
101211122100111
In base 10, what is -292 - -117?
-175
In base 13, what is -5 - -69245bb?
69245b6
In base 6, what is -15 - -3434313514?
3434313455
In base 3, what is -1200 + 1120200022102?
1120200020202
In base 8, what is -101321 + -135?
-101456
In base 12, what is -28 - -113383?
113357
In base 14, what is -18833d + 8?
-188335
In base 5, what is -31414 - 121414410?
-122001324
In base 4, what is 10 + 3032332223320?
3032332223330
In base 13, what is -1390784 + -10?
-1390794
In base 15, what is -95c - -1b39?
11cc
In base 8, what is 215 + 247155?
247372
In base 11, what is 39121 + -605?
38617
In base 10, what is 270 - 61741?
-61471
In base 8, what is -51265 - 61?
-51346
In base 10, what is 1 + 56674970?
56674971
In base 3, what is 212 + -112002101001?
-112002100012
In base 12, what is 689 + -28241?
-27774
In base 15, what is -225a9 + -2d?
-225d7
In base 2, what is 11 - 1101100100110001011100?
-1101100100110001011001
In base 3, what is 11010 + -22102002002?
-22101220222
In base 9, what is -1170 - -3547?
2367
In base 11, what is -530 - -6443a?
63a0a
In base 8, what is -11 + -154727655?
-154727666
In base 7, what is 33 + 161066506?
161066542
In base 7, what is -1 + 2624646112?
2624646111
In base 9, what is 1 + -5363161?
-5363160
In base 6, what is 210350310 - 1?
210350305
In base 15, what is -137 - 31d26?
-31e5d
In base 3, what is 1110100010 - 110112011?
222210222
In base 13, what is -5 - 9c95673?
-9c95678
In base 10, what is -5 + -12573416?
-12573421
In base 7, what is 125020041 + 5?
125020046
In base 11, what is -277085 - -18?
-277068
In base 9, what is 65 + 45557472?
45557547
In base 5, what is 4 + 21242042333?
21242042342
In base 8, what is -37715 - -10521?
-27174
In base 5, what is -20231320 - 410?
-20232230
In base 6, what is -2453453 + 0?
-2453453
In base 5, what is -114 + -1224313244?
-1224313413
In base 3, what is -2221122202 + 2121?
-2221120011
In base 10, what is -154 - -88021?
87867
In base 16, what is -2 + -157d836?
-157d838
In base 13, what is 47872 + -18?
47857
In base 9, what is -2860507 + 0?
-2860507
In base 14, what is 5 + 370ca9?
370cb0
In base 6, what is -10240 - -3040?
-3200
In base 13, what is -2122b6 + -6?
-2122bc
In base 10, what is 5 + -2255717?
-2255712
In base 16, what is 0 + 158eec7?
158eec7
In base 15, what is -b1d6 + 6cd?
-aa08
In base 2, what is -10001010110110 + 11000001?
-10000111110101
In base 4, what is -1 - -13302103133312?
13302103133311
In base 6, what is 31505010 - 23?
31504543
In base 13, what is 5 - 1390b1b?
-1390b16
In base 7, what is 63403022 - 4?
63403015
In base 7, what is -2 + 203445451?
203445446
In base 4, what is -122131 - 23101123?
-23223320
In base 9, what is -22841 + -824?
-23765
In base 8, what is -1607 - 13604?
-15413
In base 3, what is 10 - -2002221200001?
2002221200011
In base 14, what is -176474 - 0?
-176474
In base 4, what is 3 - -3011320220?
3011320223
In base 11, what is -11895 - -2a?
-11866
In base 16, what is 1 - -427ea60?
427ea61
In base 9, what is 1 - 1030115?
-1030114
In base 5, what is -232310243 - -411?
-232304332
In base 3, what is -22012222222001 - -2210?
-22012222212021
In base 4, what is -21013222 - -1032213?
-13321003
In base 12, what is -4878b - 261?
-48a30
In base 5, what is 330430113 - -43?
330430211
In base 4, what is -1022 + 200303322?
200302300
In base 16, what is 1af + -1c90d5?
-1c8f26
In base 3, what is 12 - -1111122001002021?
1111122001002110
In base 16, what is -1aab - 43ea?
-5e95
In base 3, what is 12 - 1112000022212101?
-1112000022212012
In base 14, what is -24cc59 - -8?
-24cc51
In base 2, what is -10101011111100 - -110100010000001?
11110110000101
In base 7, what is 22352234 + 3?
22352240
In base 16, what is 24d8 - -2f?
2507
In base 5, what is 3444441 + -3403?
3441033
In base 7, what is -1 + -2603522314?
-2603522315
In base 5, what is 311232303 + 4020?
311241323
In base 10, what is 260 + -1369?
-1109
In base 4, what is 213221232 - 211310?
213003322
In base 8, what is 10 - 15500027?
-15500017
In base 3, what is -2100211221 + -12101002?
-2120020000
In base 11, what is -38619075 - 3?
-38619078
In base 6, what is 511 - 13450523?
-13450012
In base 11, what is 5 - -29aa94?
29aa99
In base 13, what is -9 - -206a32c6?
206a32ba
In base 2, what is 1001011000110101100111000 - -101?
1001011000110101100111101
In base 7, what is 30 - 22155?
-22125
In base 7, what is 5 + -1232433363?
-1232433355
In base 13, what is -31a481 - -4?
-31a47a
In base 4, what is -2323 - 313330?
-322313
In base 8, what is 342156 + -3131?
337025
In base 3, what is 20210122120 - -20000201?
21000200021
In base 5, what is 104124143 + 232?
104124430
In base 9, what is 31146501 + -4?
31146486
In base 14, what is -15460 - 1454?
-168b4
In base 9, what is -4117 - -142525?
137407
In base 12, what is 407b37 - 15?
407b22
In base 9, what is 3 + -43631664?
-43631661
In base 5, what is -30141042 + 42?
-30141000
In base 9, what is 151677 - -626?
152414
In base 5, what is -10 + -2304413304?
-2304413314
In base 16, what is -e1f9 - 1c7?
-e3c0
In base 5, what is 101200242043 - -4?
101200242102
In base 4, what is -110 + -2210212012?
-2210212122
In base 11, what is 1554522 + 264?
1554786
In base 16, what is 1f9b7c - -3?
1f9b7f
In base 7, what is 3265023011 + 1?
3265023012
In base 12, what is 564355 + -a8?
564269
In base 4, what is 0 - -11321101200?
11321101200
In base 2, what is -10110101010 + 111111010010?
101000101000
In base 2, what is 110100011110000111 + 10100?
110100011110011011
In base 3, what is -111010210102222 + 2?
-111010210102220
In base 14, what is -3 - -58ab884?
58ab881
In base 5, what is 14000412 + 444?
14001411
In base 7, what is 631024131 + -11?
631024120
In base 12, what is 2176 + -4a40?
-2886
In base 8, what is -4120033125 - 4?
-4120033131
In base 16, what is -69a6 - -609?
-639d
In base 6, what is 214340 - -1000?
215340
In base 11, what is 2145228 + 1?
2145229
In base 7, what is -116442543 - 3?
-116442546
In base 5, what is 13140143 + 4100?
13144243
In base 14, what is -8 - -2b7c481?
2b7c477
In base 2, what is 1001001 + -1001111110001110110?
-1001111110000101101
In base 13, what is -160835 - a5?
-16090a
In base 9, what is 1352 - -420047?
421410
In base 16, what is 2 + 16ad249?
16ad24b
In base 14, what is -3c + 2148ca?
21488c
In base 4, what is -212132 + -13103131?
-13321323
In base 14, what is -4 + 52c9a?
52c96
In base 14, what is 4 - 129a697?
-129a693
In base 12, what is -155a7 + -756?
-16141
In base 8, what is -11243326 - -345?
-11242761
In base 6, what is 233004031410 - 2?
233004031404
In base 8, what is -2061030 + -344?
-2061374
In base 2, what is 1110 - -10010101000100011101111101?
10010101000100011110001011
In base 14, what is -2 - 17236cd3?
-17236cd5
In base 9, what is -372221 + -2?
-372223
In base 14, what is -2 + -257a08?
-257a0a
In base 9, what is -2165786 - 11?
-2165807
In base 9, what is 2 + 271400?
271402
In base 11, what is -1 + -a20280?
-a20281
In base 9, what is -2 - 2258288?
-2258301
In base 6, what is 1051354501 + -4?
1051354453
In base 7, what is -1222 - -3136243?
3135021
In base 7, what is 324234 - -4352?
331616
In base 6, what is -2114305 - -11045?
-2103220
In base 13, what is -a - 316b2a1?
-316b2ab
In base 9, what is -10448 + 1333?
-8115
In base 11, what is -218752 + -56?
-2187a8
In base 13, what is 1079cbb + -72?
1079c49
In base 13, what is -131a046 + -2?
-131a048
In base 9, what is -3742711 - -3?
-3742707
In base 15, what is 1 + 14172789?
1417278a
In base 9, what is -448666307 + 2?
-448666305
In base 8, what is 34502531 + 62?
34502613
In base 2, what is -111111011100001010 - -10010?
-111111011011111000
In base 12, what is 6 - 6115528?
-6115522
In base 6, what is -1135251355 + -12?
-1135251411
In base 12, what is 3 + 2b3612?
2b3615
In base 8, what is 2732 + -15611?
-12657
In base 3, what is -1201100022 + -122201011?
-2101001110
In base 8, what is 200301 - -1543?
202044
In base 11, what is 3224 + -412?
2912
In base 7, what is 65601660 + 1?
65601661
In base 9, what is 11261 + -4788?
5362
In base 12, what is 125523 + -126b?
124274
In base 4, what is -2100201 - -312301?
-11213